is divided by y.
10
Suppose 3*i - 930 = -5*h, -h + 2*i = 4*i - 193. Suppose 0 = -5*c + h - 73. What is the remainder when 42 is divided by c?
20
Let s(k) = 15*k**2 + k - 2. What is the remainder when 39 is divided by s(1)?
11
Let a(t) = -t. Let q be a(-2). Suppose 0*h = h - q. Let u = 3 + h. What is the remainder when 7 is divided by u?
2
Let u(r) = -r**3 - 4*r**2 - 3*r + 5. Calculate the remainder when 50 is divided by u(-4).
16
Suppose -5 = 4*d + 3. Let l(b) = -3*b**3 - b**2 + 3*b + 3. Let v = -13 + 19. What is the remainder when l(d) is divided by v?
5
Let q = 1 + -1. Suppose 0 = 4*i + 2*k - 23 - 21, q = -4*i + 4*k + 68. Suppose -2*w - 2*w = -196. What is the remainder when w is divided by i?
10
Let m = 73 + -53. Calculate the remainder when m is divided by 11.
9
Let n = -50 + 103. Calculate the remainder when n is divided by 28.
25
Let c = 25 - 19. Let l = -10 + 26. Calculate the remainder when l is divided by c.
4
Suppose 2*a - 3*p - p - 60 = 0, p = -2. Let s(g) = -g**2 - 8*g - 3. Let x be s(-5). Let d = a - x. Calculate the remainder when 26 is divided by d.
12
Let b = -45 + 80. Calculate the remainder when 137 is divided by b.
32
Calculate the remainder when ((-114)/(-9))/((-6)/(-9)) is divided by 5.
4
Let c(m) be the second derivative of -m**4/12 + 3*m**3/2 - 2*m**2 + 3*m. Calculate the remainder when c(6) is divided by 4.
2
Let t be 1/2 - (-33)/6. Let a be 4/t*1*-9. Calculate the remainder when 8 is divided by (-2)/a + 14/3.
3
Let p(u) = -11*u**3 + 2*u**2 - 2*u - 1. Calculate the remainder when p(-2) is divided by 10.
9
Let z = 0 - 3. Let i(q) = -3*q + 6. Calculate the remainder when i(-3) is divided by (z/(-2))/(1/6).
6
Suppose 2 + 2 = l. Suppose l = i - 6. Calculate the remainder when 4/(-6)*(-87)/2 is divided by i.
9
Suppose 0 = p + 2*g - 4 + 1, -4*g - 6 = -2*p. Suppose -20 = -5*a, -2*u - 8*a = -3*a - 40. Calculate the remainder when u is divided by p.
1
Let g(b) = 2*b**2 - 4*b - 7. Calculate the remainder when g(5) is divided by 8.
7
Let h = -18 + 35. Calculate the remainder when h is divided by 10.
7
Let m be (-330)/(-27) + (-2)/9. Let v = -6 + m. Calculate the remainder when 17 is divided by v.
5
Let q = 51 + -31. Let j(a) = a**2 - a - 5. Let u = -9 + 13. Calculate the remainder when q is divided by j(u).
6
Let w(g) = -g**2 - 11*g - 12. Suppose -19 - 71 = -3*b. Calculate the remainder when b is divided by w(-7).
14
Suppose 0 = 5*r - n - 82, 0 = 4*r - 0*r + 5*n - 83. What is the remainder when 31 is divided by r?
14
What is the remainder when 46 is divided by 6/4*(4 + -9 - -21)?
22
Suppose -7 = -5*m + 3. Suppose i + 4*i = o - 7, 2*i + 12 = 5*o. Calculate the remainder when m - (-15)/6*o is divided by 3.
1
Suppose 4*f - 193 = 203. Calculate the remainder when f is divided by 20.
19
Suppose 2*a - 3*a + 18 = 0. Suppose 4*f = -0*u - u + a, 5*u - 5*f = -10. Suppose -u*w - 27 = -5*w. What is the remainder when 16 is divided by w?
7
Suppose -4*g = 2*g - 510. What is the remainder when g is divided by 44?
41
Suppose -54 = 11*c - 14*c. What is the remainder when c is divided by 10?
8
Let x = 7 - -21. Let t(z) = -z**3 - 6*z**2 + 10. Calculate the remainder when x is divided by t(-6).
8
Let j(f) = 6*f + 4. Let i be j(9). Suppose -3*r - 16 = -i. Calculate the remainder when 54 is divided by r.
12
Suppose -2*h + 4*x + 0*x + 18 = 0, -2*h - 10 = 3*x. Calculate the remainder when (2 + -2 - -4) + -1 is divided by 14/4 - h/2.
0
Let i(u) = 2*u. Suppose 0*v - 5*v = 20. Let s be i(v). Let y = s + 16. What is the remainder when y is divided by 3?
2
Let m = -7 - -13. Suppose -m*g + 245 = -g. Let l(n) = -n + 31. Calculate the remainder when g is divided by l(18).
10
Let u(o) = -4*o - 41. What is the remainder when u(-19) is divided by 18?
17
Let p = 115 - 41. Suppose -p = -5*m + 2*t, -3*t + 6 = m + t. What is the remainder when 2/(-8) - (-966)/24 is divided by m?
12
Let n(m) = -18*m + 6. Calculate the remainder when n(-4) is divided by 27.
24
Let w be 1/(3/3) + 2. Suppose -5*g - 72 = 4*s - 317, 5*g + w*s = 240. What is the remainder when g is divided by 12?
9
Let i(f) = -4*f - 9. Calculate the remainder when i(-7) is divided by 5.
4
Let t = -162 - -176. Suppose -45 = -3*c - 2*c. Calculate the remainder when t is divided by c.
5
What is the remainder when 46 is divided by 38/2 + 6 + -9?
14
Let z(a) = -8*a**3 - 2*a**2 + 2*a. What is the remainder when z(-2) is divided by 9?
7
Let f(c) = 3*c**2 + 2*c - 1. Let s be f(6). Let l = s - 75. What is the remainder when l is divided by 12?
8
Suppose -5*m + m - 5 = -5*h, 5 = 3*m + 5*h. What is the remainder when 41*(m + (0 - -1)) is divided by 14?
13
Let j = -6 + 8. Suppose -j*b = -4*b + 34. Suppose -3*y + 60 = -36. What is the remainder when y is divided by b?
15
Let t(m) = 22*m**3 + 4*m - 1. What is the remainder when t(2) is divided by 37?
35
Suppose 2*p + 12 - 4 = 0. Let r(k) = -14*k - 6. Calculate the remainder when r(p) is divided by 17*((0 - 0) + 1).
16
Suppose 0 = k - 4*k - h + 94, -10 = -k + 5*h. Calculate the remainder when 88 is divided by k.
28
Suppose 6*v - 18 = 4*v. What is the remainder when 44 is divided by v?
8
Suppose -5 = -3*v + 16. Suppose 3*n - v = 131. Calculate the remainder when (n/(-6))/((-1)/3) is divided by 8.
7
Suppose 3*x - 35 = 8*x. Let f(a) be the first derivative of -a**4/4 - 5*a**3/3 + 5*a**2 + 8*a + 2. Calculate the remainder when f(x) is divided by 19.
17
Suppose h + 100 = -3*h. Calculate the remainder when ((-10)/h)/((-2)/(-140)) is divided by 6/15 - 48/(-5).
8
Let n = -15 - -9. Let m = n + 6. Suppose -c + v + 21 = m, 3*v + 2 = v. Calculate the remainder when c is divided by 11.
9
Let a(q) = q**3 + 13*q**2 - 16*q + 13. What is the remainder when a(-14) is divided by 21?
20
Let g(v) = v**2 - 8*v - 4. Let q be g(9). Suppose -q*c = -72 - 13. Suppose -2*a + 19 = -c. Calculate the remainder when 35 is divided by a.
17
Let v(m) = -m - 8. Let y be v(-7). Let t be ((-9)/(-6))/(y/(-2)). Let a(s) = 4*s**2 + 4*s - 2. What is the remainder when a(t) is divided by 12?
10
Let v(j) = -4*j - 17. What is the remainder when 56 is divided by v(-8)?
11
Let w(a) = 34*a**3 + a - 1. Let y be w(1). Suppose 0 = -3*s + 5*s - y. Calculate the remainder when s is divided by 10.
7
Let v(w) = -31*w + 4. Let j be 2/(-3) - 7/3. Calculate the remainder when v(j) is divided by 20.
17
Let n = -5 - -9. Suppose 2*x + n*k - 70 = -x, -4*x + 2*k = -64. Let d = 99 - 65. Calculate the remainder when d is divided by x.
16
Let m be (-1 - 1)/(5/(-15)). Let t = 17 - m. What is the remainder when 40*(-2)/(-8)*2 is divided by t?
9
Let u(i) = -4*i + 5. What is the remainder when 22 is divided by u(0)?
2
Let r(z) = -18*z + 1. What is the remainder when 73 is divided by r(-1)?
16
Suppose t = -4*t + 15. Suppose 0 = f + t*f - 88. What is the remainder when 65 is divided by f?
21
Suppose -u - 79 = -3*z + 4*u, -z = -2*u - 26. What is the remainder when 109 is divided by z?
25
Let n = 149 + -113. What is the remainder when 251 is divided by n?
35
Let q = -4 - -6. Let r be 0 - (-2 - 0)*-1. What is the remainder when q is divided by (r/(-5))/((-3)/(-15))?
0
Suppose 6*m - 16 = 2*m. Suppose 21 = m*i - i. What is the remainder when 13 is divided by i?
6
Calculate the remainder when (114/9)/(6/9) is divided by 10.
9
Suppose 10*o - 9*o - 27 = 0. What is the remainder when o is divided by 14?
13
Suppose -10 - 12 = -2*b. Let u = -6 + b. Suppose -u*w = 4*a - 60, -7 + 2 = -a. Calculate the remainder when w is divided by 5.
3
Let w(x) = 8*x - 2. Calculate the remainder when 75 is divided by w(5).
37
Let c(f) = -f**3 - 11*f**2 - 10*f + 14. Suppose 2*a + 45 = -5*n, 0*a - 4*n = -2*a. What is the remainder when 25 is divided by c(a)?
11
Suppose -2*n - 13 = -a, 3*n + 44 = 4*a - 28. What is the remainder when 60 is divided by a?
18
Let q = 9 - -4. Calculate the remainder when 24 is divided by q.
11
Suppose -5 = -4*o + h + 5, 0 = 2*o + 5*h + 6. Suppose o*t - 72 - 50 = -5*g, 0 = t - 2*g - 70. Calculate the remainder when t is divided by 17.
15
Let p(x) = x**3 + 10*x**2 + 13*x - 8. Calculate the remainder when p(-7) is divided by 18.
12
Let c = 81 + -57. Suppose 12*y - 9*y = 39. What is the remainder when c is divided by y?
11
Suppose -3*m - c + 377 = 113, -m + 104 = -5*c. Let d = 553 - 523. What is the remainder when m is divided by d?
29
Let w(l) =